 the remainder when 839 is divided by 21.
20
What is the remainder when 1628 is divided by 809?
10
What is the remainder when 61 is divided by 18?
7
What is the remainder when 195 is divided by 68?
59
What is the remainder when 701 is divided by 18?
17
Calculate the remainder when 2448 is divided by 35.
33
What is the remainder when 113 is divided by 60?
53
Calculate the remainder when 21 is divided by 8.
5
What is the remainder when 9 is divided by 5?
4
What is the remainder when 208 is divided by 35?
33
Calculate the remainder when 136 is divided by 67.
2
What is the remainder when 1580 is divided by 51?
50
What is the remainder when 644 is divided by 12?
8
Calculate the remainder when 26851 is divided by 137.
136
What is the remainder when 20072 is divided by 25?
22
Calculate the remainder when 353 is divided by 21.
17
What is the remainder when 12 is divided by 4?
0
What is the remainder when 97 is divided by 94?
3
Calculate the remainder when 1619 is divided by 28.
23
What is the remainder when 280 is divided by 5?
0
What is the remainder when 1090 is divided by 42?
40
Calculate the remainder when 80 is divided by 17.
12
What is the remainder when 193 is divided by 20?
13
Calculate the remainder when 2733 is divided by 114.
111
What is the remainder when 273 is divided by 70?
63
Calculate the remainder when 1381 is divided by 459.
4
What is the remainder when 115 is divided by 114?
1
Calculate the remainder when 1201 is divided by 18.
13
What is the remainder when 4613 is divided by 171?
167
Calculate the remainder when 323 is divided by 53.
5
What is the remainder when 873 is divided by 97?
0
What is the remainder when 105 is divided by 60?
45
What is the remainder when 439 is divided by 14?
5
Calculate the remainder when 82 is divided by 23.
13
Calculate the remainder when 621 is divided by 26.
23
What is the remainder when 190 is divided by 81?
28
What is the remainder when 597 is divided by 120?
117
Calculate the remainder when 96 is divided by 7.
5
What is the remainder when 2772 is divided by 198?
0
What is the remainder when 43 is divided by 20?
3
Calculate the remainder when 101 is divided by 22.
13
Calculate the remainder when 81 is divided by 65.
16
What is the remainder when 16794 is divided by 52?
50
What is the remainder when 5961 is divided by 284?
281
What is the remainder when 159 is divided by 54?
51
Calculate the remainder when 514 is divided by 12.
10
What is the remainder when 264 is divided by 251?
13
What is the remainder when 885 is divided by 870?
15
Calculate the remainder when 2495 is divided by 54.
11
Calculate the remainder when 57 is divided by 29.
28
What is the remainder when 215 is divided by 17?
11
Calculate the remainder when 2379 is divided by 158.
9
Calculate the remainder when 4000 is divided by 138.
136
Calculate the remainder when 270 is divided by 93.
84
What is the remainder when 1186 is divided by 34?
30
Calculate the remainder when 399 is divided by 20.
19
What is the remainder when 143 is divided by 9?
8
Calculate the remainder when 45 is divided by 6.
3
Calculate the remainder when 222 is divided by 7.
5
What is the remainder when 1441 is divided by 85?
81
Calculate the remainder when 680 is divided by 39.
17
Calculate the remainder when 7969 is divided by 44.
5
What is the remainder when 434 is divided by 48?
2
Calculate the remainder when 205 is divided by 104.
101
Calculate the remainder when 415 is divided by 8.
7
Calculate the remainder when 778 is divided by 60.
58
What is the remainder when 52 is divided by 23?
6
What is the remainder when 2202 is divided by 49?
46
Calculate the remainder when 177 is divided by 18.
15
Calculate the remainder when 73 is divided by 12.
1
What is the remainder when 356 is divided by 51?
50
What is the remainder when 482 is divided by 18?
14
What is the remainder when 1621 is divided by 23?
11
Calculate the remainder when 574 is divided by 79.
21
Calculate the remainder when 1257 is divided by 9.
6
Calculate the remainder when 341 is divided by 57.
56
Calculate the remainder when 58 is divided by 30.
28
What is the remainder when 40184 is divided by 102?
98
What is the remainder when 918 is divided by 150?
18
Calculate the remainder when 219 is divided by 45.
39
What is the remainder when 148 is divided by 6?
4
What is the remainder when 52 is divided by 22?
8
What is the remainder when 23231 is divided by 44?
43
Calculate the remainder when 1372 is divided by 53.
47
What is the remainder when 728 is divided by 92?
84
What is the remainder when 834 is divided by 140?
134
What is the remainder when 924 is divided by 37?
36
What is the remainder when 97 is divided by 37?
23
What is the remainder when 1896 is divided by 42?
6
Calculate the remainder when 360 is divided by 61.
55
Calculate the remainder when 439 is divided by 57.
40
What is the remainder when 222 is divided by 56?
54
What is the remainder when 85 is divided by 24?
13
Calculate the remainder when 227 is divided by 5.
2
What is the remainder when 177 is divided by 26?
21
Calculate the remainder when 19 is divided by 10.
9
Calculate the remainder when 368 is divided by 156.
56
Calculate the remainder when 4291 is divided by 2139.
13
Calculate the remainder when 1751 is divided by 290.
11
What is the remainder when 78 is divided by 16?
14
Calculate the remainder when 205 is divided by 28.
9
What is the remainder when 150 is divided by 51?
48
Calculate the remainder when 285 is divided by 18.
15
What is the remainder when 198 is divided by 23?
14
Calculate the remainder when 70 is divided by 30.
10
Calculate the remainder when 74 is divided by 15.
14
Calculate the remainder when 805 is divided by 135.
130
Calculate the remainder when 18897 is divided by 60.
57
What is the remainder when 170 is divided by 59?
52
What is the remainder when 351 is divided by 190?
161
Calculate the remainder when 1196 is divided by 150.
146
What is the remainder when 17431 is divided by 46?
43
Calculate the remainder when 113 is divided by 8.
1
Calculate the remainder when 182 is divided by 82.
18
Calculate the remainder when 20292 is divided by 99.
96
Calculate the remainder when 426 is divided by 36.
30
Calculate the remainder when 1146 is divided by 8.
2
What is the remainder when 142 is divided by 29?
26
What is the remainder when 815 is divided by 103?
94
What is the remainder when 4516 is divided by 20?
16
Calculate the remainder when 263 is divided by 44.
43
What is the remainder when 340 is divided by 58?
50
What is the remainder when 1592 is divided by 75?
17
What is the remainder when 1220 is divided by 51?
47
Calculate the remainder when 237 is divided by 61.
54
Calculate the remainder when 5191 is divided by 106.
103
What is the remainder when 2972 is divided by 25?
22
What is the remainder when 855 is divided by 21?
15
What is the remainder when 79 is divided by 25?
4
What is the remainder when 104 is divided by 11?
5
Calculate the remainder when 265 is divided by 179.
86
What is the remainder when 214 is divided by 62?
28
Calculate the remainder when 1031 is divided by 148.
143
Calculate the remainder when 5111 is divided by 36.
35
Calculate the remainder when 897 is divided by 410.
77
Calculate the remainder when 238 is divided by 125.
113
What is the remainder when 772 is divided by 39?
31
What is the remainder when 206 is divided by 52?
50
Calculate the remainder when 124 is divided by 63.
61
Calculate the remainder when 95 is divided by 8.
7
What is the remainder when 213 is divided by 9?
6
What is the remainder when 325 is divided by 307?
18
Calculate the remainder when 124 is divided by 13.
7
What is the remainder when 65 is divided by 20?
5
What is the remainder when 5722 is divided by 25?
22
What is the remainder when 647 is divided by 27?
26
What is the remainder when 406 is divided by 117?
55
Calculate the remainder when 111 is divided by 49.
13
What is the remainder when 656 is divided by 33?
29
What is the remainder when 2457 is divided by 30?
27
What is the remainder when 81 is divided by 58?
23
Calculate the remainder when 61 is divided by 54.
7
What is the remainder when 298 is divided by 76?
70
What is the remainder when 1767 is divided by 177?
174
What is the remainder when 3613 is div